
Calculate the remainder when 608 is divided by 7.
6
Calculate the remainder when 214 is divided by 31.
28
Calculate the remainder when 538 is divided by 173.
19
Calculate the remainder when 262 is divided by 81.
19
Calculate the remainder when 2097 is divided by 14.
11
Calculate the remainder when 1606 is divided by 24.
22
Calculate the remainder when 88 is divided by 69.
19
What is the remainder when 429 is divided by 69?
15
Calculate the remainder when 193 is divided by 176.
17
Calculate the remainder when 139 is divided by 7.
6
Calculate the remainder when 1676 is divided by 821.
34
What is the remainder when 307 is divided by 93?
28
What is the remainder when 5327 is divided by 5?
2
What is the remainder when 589 is divided by 567?
22
Calculate the remainder when 54 is divided by 2.
0
What is the remainder when 21 is divided by 3?
0
What is the remainder when 152 is divided by 36?
8
What is the remainder when 1092 is divided by 219?
216
Calculate the remainder when 1572 is divided by 83.
78
What is the remainder when 110 is divided by 59?
51
What is the remainder when 109 is divided by 16?
13
Calculate the remainder when 6117 is divided by 23.
22
What is the remainder when 72 is divided by 62?
10
Calculate the remainder when 383 is divided by 8.
7
What is the remainder when 86 is divided by 15?
11
What is the remainder when 205 is divided by 54?
43
Calculate the remainder when 3877 is divided by 24.
13
Calculate the remainder when 157 is divided by 53.
51
Calculate the remainder when 474 is divided by 41.
23
Calculate the remainder when 11702 is divided by 28.
26
Calculate the remainder when 11844 is divided by 103.
102
What is the remainder when 363 is divided by 92?
87
What is the remainder when 379 is divided by 64?
59
What is the remainder when 144 is divided by 138?
6
Calculate the remainder when 399 is divided by 100.
99
Calculate the remainder when 488 is divided by 152.
32
Calculate the remainder when 5750 is divided by 44.
30
Calculate the remainder when 707 is divided by 92.
63
What is the remainder when 3757 is divided by 99?
94
What is the remainder when 106 is divided by 43?
20
Calculate the remainder when 965 is divided by 8.
5
What is the remainder when 35 is divided by 3?
2
What is the remainder when 242 is divided by 25?
17
Calculate the remainder when 298 is divided by 25.
23
Calculate the remainder when 757 is divided by 95.
92
Calculate the remainder when 337 is divided by 114.
109
What is the remainder when 2668 is divided by 11?
6
What is the remainder when 214 is divided by 10?
4
What is the remainder when 141 is divided by 42?
15
What is the remainder when 7375 is divided by 14?
11
Calculate the remainder when 175 is divided by 84.
7
What is the remainder when 401 is divided by 29?
24
Calculate the remainder when 12482 is divided by 27.
8
What is the remainder when 220 is divided by 102?
16
What is the remainder when 48 is divided by 4?
0
What is the remainder when 175 is divided by 114?
61
Calculate the remainder when 78 is divided by 29.
20
Calculate the remainder when 5756 is divided by 90.
86
Calculate the remainder when 230 is divided by 48.
38
Calculate the remainder when 2634 is divided by 2634.
0
Calculate the remainder when 220 is divided by 17.
16
What is the remainder when 189 is divided by 92?
5
Calculate the remainder when 1812 is divided by 50.
12
Calculate the remainder when 256 is divided by 37.
34
Calculate the remainder when 4751 is divided by 17.
8
Calculate the remainder when 428 is divided by 212.
4
Calculate the remainder when 253 is divided by 18.
1
What is the remainder when 1293 is divided by 54?
51
What is the remainder when 7014 is divided by 108?
102
Calculate the remainder when 13714 is divided by 17.
12
Calculate the remainder when 53 is divided by 23.
7
What is the remainder when 265 is divided by 50?
15
What is the remainder when 830 is divided by 106?
88
Calculate the remainder when 166 is divided by 34.
30
What is the remainder when 212 is divided by 12?
8
Calculate the remainder when 257 is divided by 20.
17
What is the remainder when 1818 is divided by 17?
16
Calculate the remainder when 343 is divided by 111.
10
What is the remainder when 89 is divided by 24?
17
What is the remainder when 332 is divided by 14?
10
Calculate the remainder when 1481 is divided by 53.
50
Calculate the remainder when 8718 is divided by 80.
78
Calculate the remainder when 5840 is divided by 23.
21
What is the remainder when 344 is divided by 172?
0
What is the remainder when 847 is divided by 86?
73
Calculate the remainder when 111 is divided by 8.
7
Calculate the remainder when 582 is divided by 39.
36
Calculate the remainder when 557 is divided by 33.
29
What is the remainder when 89 is divided by 36?
17
What is the remainder when 58 is divided by 34?
24
Calculate the remainder when 6 is divided by 6.
0
What is the remainder when 61 is divided by 39?
22
Calculate the remainder when 72 is divided by 37.
35
What is the remainder when 1537 is divided by 85?
7
Calculate the remainder when 924 is divided by 22.
0
Calculate the remainder when 22 is divided by 12.
10
What is the remainder when 302 is divided by 292?
10
What is the remainder when 3613 is divided by 899?
17
Calculate the remainder when 40271 is divided by 24.
23
What is the remainder when 159 is divided by 33?
27
What is the remainder when 635 is divided by 13?
11
What is the remainder when 95 is divided by 16?
15
Calculate the remainder when 122 is divided by 26.
18
What is the remainder when 80 is divided by 42?
38
What is the remainder when 10658 is divided by 57?
56
What is the remainder when 1453 is divided by 52?
49
What is the remainder when 470 is divided by 59?
57
Calculate the remainder when 477 is divided by 8.
5
Calculate the remainder when 151 is divided by 43.
22
Calculate the remainder when 440 is divided by 111.
107
What is the remainder when 413 is divided by 73?
48
Calculate the remainder when 259 is divided by 32.
3
Calculate the remainder when 487 is divided by 70.
67
Calculate the remainder when 384 is divided by 3.
0
What is the remainder when 13029 is divided by 49?
44
Calculate the remainder when 114 is divided by 39.
36
Calculate the remainder when 428 is divided by 10.
8
Calculate the remainder when 2774 is divided by 27.
20
What is the remainder when 6025 is divided by 131?
130
Calculate the remainder when 774 is divided by 52.
46
What is the remainder when 1058 is divided by 53?
51
What is the remainder when 58907 is divided by 430?
427
Calculate the remainder when 98 is divided by 64.
34
Calculate the remainder when 133 is divided by 34.
31
Calculate the remainder when 1258 is divided by 72.
34
What is the remainder when 186 is divided by 42?
18
Calculate the remainder when 995 is divided by 89.
16
Calculate the remainder when 586 is divided by 98.
96
What is the remainder when 237 is divided by 28?
13
Calculate the remainder when 794 is divided by 266.
262
What is the remainder when 4549 is divided by 413?
6
What is the remainder when 1424 is divided by 205?
194
Calculate the remainder when 1594 is divided by 84.
82
Calculate the remainder when 1190 is divided by 197.
8
Calculate the remainder when 292 is divided by 78.
58
Calculate the remainder when 235 is divided by 8.
3
What is the remainder when 911 is divided by 17?
10
Calculate the remainder when 945 is divided by 117.
9
What is the remainder when 986 is divided by 15?
11
What is the remainder when 492 is divided by 3?
0
What is the remainder when 2086 is divided by 18?
16
What is the remainder when 3051 is divided by 88?
59
What is the remainder when 703 is divided by 44?
43
What is the remainder when 589 is divided by 10?
9
What is the remainder when 4159 is divided by 23?
19
What is the remainder when 210 is divided by 39?
15
Calculate the remainder when 2861 is divided by 54.
53
What is the remainder when 6629 is divided by 85?
84
What is the remainder when 146 is divided by 50?
46
Calculate the remainder when 8280 is divided by 101.
99
Calculate the remainder when 4730 is divided by 26.
24
Calculate the remainder when 146 is divided by 72.
2
Calculate the remainder when 646 is divided by 315.
16
What is the remainder when 11013 is divided by 208